{"id":3,"date":"2023-01-27T13:43:25","date_gmt":"2023-01-27T13:43:25","guid":{"rendered":"http:\/\/grupohensa.com.mx\/?page_id=3"},"modified":"2023-01-28T16:36:47","modified_gmt":"2023-01-28T16:36:47","slug":"politica-privacidad","status":"publish","type":"page","link":"https:\/\/grupohensa.com.mx\/index.php\/politica-privacidad\/","title":{"rendered":"Pol\u00edtica de privacidad"},"content":{"rendered":"\t\t<div data-elementor-type=\"wp-page\" data-elementor-id=\"3\" class=\"elementor elementor-3\">\n\t\t\t\t\t\t\t\t\t<section class=\"elementor-section elementor-top-section elementor-element elementor-element-227260d8 elementor-section-boxed elementor-section-height-default elementor-section-height-default\" data-id=\"227260d8\" data-element_type=\"section\" data-settings=\"{&quot;jet_parallax_layout_list&quot;:[{&quot;jet_parallax_layout_image&quot;:{&quot;url&quot;:&quot;&quot;,&quot;id&quot;:&quot;&quot;,&quot;size&quot;:&quot;&quot;},&quot;_id&quot;:&quot;cccadb4&quot;,&quot;jet_parallax_layout_image_tablet&quot;:{&quot;url&quot;:&quot;&quot;,&quot;id&quot;:&quot;&quot;,&quot;size&quot;:&quot;&quot;},&quot;jet_parallax_layout_image_mobile&quot;:{&quot;url&quot;:&quot;&quot;,&quot;id&quot;:&quot;&quot;,&quot;size&quot;:&quot;&quot;},&quot;jet_parallax_layout_speed&quot;:{&quot;unit&quot;:&quot;%&quot;,&quot;size&quot;:50,&quot;sizes&quot;:[]},&quot;jet_parallax_layout_type&quot;:&quot;scroll&quot;,&quot;jet_parallax_layout_direction&quot;:null,&quot;jet_parallax_layout_fx_direction&quot;:null,&quot;jet_parallax_layout_z_index&quot;:&quot;&quot;,&quot;jet_parallax_layout_bg_x&quot;:50,&quot;jet_parallax_layout_bg_x_tablet&quot;:&quot;&quot;,&quot;jet_parallax_layout_bg_x_mobile&quot;:&quot;&quot;,&quot;jet_parallax_layout_bg_y&quot;:50,&quot;jet_parallax_layout_bg_y_tablet&quot;:&quot;&quot;,&quot;jet_parallax_layout_bg_y_mobile&quot;:&quot;&quot;,&quot;jet_parallax_layout_bg_size&quot;:&quot;auto&quot;,&quot;jet_parallax_layout_bg_size_tablet&quot;:&quot;&quot;,&quot;jet_parallax_layout_bg_size_mobile&quot;:&quot;&quot;,&quot;jet_parallax_layout_animation_prop&quot;:&quot;transform&quot;,&quot;jet_parallax_layout_on&quot;:[&quot;desktop&quot;,&quot;tablet&quot;]}]}\">\n\t\t\t\t\t\t<div class=\"elementor-container elementor-column-gap-default\">\n\t\t\t\t\t<div class=\"elementor-column elementor-col-100 elementor-top-column elementor-element elementor-element-606500f9\" data-id=\"606500f9\" data-element_type=\"column\">\n\t\t\t<div class=\"elementor-widget-wrap elementor-element-populated\">\n\t\t\t\t\t\t\t\t<div class=\"elementor-element elementor-element-1c339962 elementor-widget elementor-widget-text-editor\" data-id=\"1c339962\" data-element_type=\"widget\" data-widget_type=\"text-editor.default\">\n\t\t\t\t<div class=\"elementor-widget-container\">\n\t\t\t<style>\/*! elementor - v3.14.0 - 26-06-2023 *\/\n.elementor-widget-text-editor.elementor-drop-cap-view-stacked .elementor-drop-cap{background-color:#69727d;color:#fff}.elementor-widget-text-editor.elementor-drop-cap-view-framed .elementor-drop-cap{color:#69727d;border:3px solid;background-color:transparent}.elementor-widget-text-editor:not(.elementor-drop-cap-view-default) .elementor-drop-cap{margin-top:8px}.elementor-widget-text-editor:not(.elementor-drop-cap-view-default) .elementor-drop-cap-letter{width:1em;height:1em}.elementor-widget-text-editor .elementor-drop-cap{float:left;text-align:center;line-height:1;font-size:50px}.elementor-widget-text-editor .elementor-drop-cap-letter{display:inline-block}<\/style>\t\t\t\t<p><!-- wp:heading --><\/p>\n<h2><span style=\"font-size: 16px; font-style: inherit; font-weight: inherit; background-color: var(--ast-global-color-5); color: var(--ast-global-color-3);\">.<\/span><span style=\"font-size: 12pt; font-style: inherit; font-weight: inherit; color: var(--ast-global-color-3); font-family: Arial, &quot;sans-serif&quot;; text-align: justify; background-color: var(--ast-global-color-5);\">AVISO DE PRIVACIDAD<\/span><br><\/h2>\n\n<p style=\"text-align:justify\"><span style=\"font-size:12.0pt;\nline-height:107%;font-family:&quot;Arial&quot;,&quot;sans-serif&quot;\">Hensa Distribuciones S.A. de\nC.V. &nbsp;con domicilio en&nbsp;Francisco\nGodwaldt No. 100 Zona Industrial Toluca C.P. 50070 y en el portal de internet\nbajo el dominio <a href=\"http:\/\/www.grupohensa.com.mx\/\">http:\/\/www.grupohensa.com.mx<\/a>\nes el responsable del uso y protecci\u00f3n de sus datos personales, y al respecto\nle informamos lo siguiente:<o:p><\/o:p><\/span><\/p>\n\n<p style=\"text-align:justify\"><span style=\"font-size:12.0pt;\nline-height:107%;font-family:&quot;Arial&quot;,&quot;sans-serif&quot;\">\u00bfQu\u00e9 informaci\u00f3n recabamos?<o:p><\/o:p><\/span><\/p>\n\n<p style=\"text-align:justify\"><span style=\"font-size:12.0pt;\nline-height:107%;font-family:&quot;Arial&quot;,&quot;sans-serif&quot;\">Los Datos Personales que\nusted proporcione a trav\u00e9s de este website o directamente en nuestro negocio,\nmediante la utilizaci\u00f3n de nuestros servicios en l\u00ednea, por escrito y\/o v\u00eda\ntelef\u00f3nica, pueden ser los siguientes:<o:p><\/o:p><\/span><\/p>\n\n<p style=\"text-align:justify\"><span style=\"font-size:12.0pt;\nline-height:107%;font-family:&quot;Arial&quot;,&quot;sans-serif&quot;\">Nombre, RFC, Lugar de\nnacimiento, Nacionalidad, Domicilio, Tel\u00e9fono particular, Tel\u00e9fono celular,\nCorreo electr\u00f3nico, Domicilio de trabajo, Correo electr\u00f3nico institucional,\nReferencias laborales, Informaci\u00f3n fiscal, Historial crediticio, Ingresos,\nCuentas bancarias, Referencias comerciales, etc.<o:p><\/o:p><\/span><\/p>\n\n<p style=\"text-align:justify\"><span style=\"font-size:12.0pt;\nline-height:107%;font-family:&quot;Arial&quot;,&quot;sans-serif&quot;\">&nbsp;<o:p><\/o:p><\/span><\/p>\n\n<p style=\"text-align:justify\"><span style=\"font-size:12.0pt;\nline-height:107%;font-family:&quot;Arial&quot;,&quot;sans-serif&quot;\">\u00bfPara qu\u00e9 fines podr\u00edamos\nutilizar sus datos personales?<o:p><\/o:p><\/span><\/p>\n\n<p style=\"text-align:justify\"><span style=\"font-size:12.0pt;\nline-height:107%;font-family:&quot;Arial&quot;,&quot;sans-serif&quot;\">Utilizaremos su informaci\u00f3n\npersonal para las siguientes finalidades que nos permiten y facilitan brindarle\nuna mejor atenci\u00f3n:<o:p><\/o:p><\/span><\/p>\n\n<p style=\"text-align:justify\"><span style=\"font-size:12.0pt;\nline-height:107%;font-family:&quot;Arial&quot;,&quot;sans-serif&quot;\">Fines de identificaci\u00f3n y de\nverificaci\u00f3n.<o:p><\/o:p><\/span><\/p>\n\n<p style=\"text-align:justify\"><span style=\"font-size:12.0pt;\nline-height:107%;font-family:&quot;Arial&quot;,&quot;sans-serif&quot;\">Contacto, Mercadotecnia y\/o\nPublicidad.<o:p><\/o:p><\/span><\/p>\n\n<p style=\"text-align:justify\"><span style=\"font-size:12.0pt;\nline-height:107%;font-family:&quot;Arial&quot;,&quot;sans-serif&quot;\">Ofrecer nuestros productos\ny\/o servicios.<o:p><\/o:p><\/span><\/p>\n\n<p style=\"text-align:justify\"><span style=\"font-size:12.0pt;\nline-height:107%;font-family:&quot;Arial&quot;,&quot;sans-serif&quot;\">Participaci\u00f3n en promociones\ny concursos.<o:p><\/o:p><\/span><\/p>\n\n<p style=\"text-align:justify\"><span style=\"font-size:12.0pt;\nline-height:107%;font-family:&quot;Arial&quot;,&quot;sans-serif&quot;\">Proveer productos y\/o\nservicios requeridos por usted.<o:p><\/o:p><\/span><\/p>\n\n<p style=\"text-align:justify\"><span style=\"font-size:12.0pt;\nline-height:107%;font-family:&quot;Arial&quot;,&quot;sans-serif&quot;\">Informar sobre cambios o\nnuevos productos o servicios ofrecidos.<o:p><\/o:p><\/span><\/p>\n\n<p style=\"text-align:justify\"><span style=\"font-size:12.0pt;\nline-height:107%;font-family:&quot;Arial&quot;,&quot;sans-serif&quot;\">Evaluar la calidad del\nservicio.<o:p><\/o:p><\/span><\/p>\n\n<p style=\"text-align:justify\"><span style=\"font-size:12.0pt;\nline-height:107%;font-family:&quot;Arial&quot;,&quot;sans-serif&quot;\">Identificar historial o\nh\u00e1bitos de consumo.<o:p><\/o:p><\/span><\/p>\n\n<p style=\"text-align:justify\"><span style=\"font-size:12.0pt;\nline-height:107%;font-family:&quot;Arial&quot;,&quot;sans-serif&quot;\">&nbsp;<o:p><\/o:p><\/span><\/p>\n\n<p style=\"text-align:justify\"><span style=\"font-size:12.0pt;\nline-height:107%;font-family:&quot;Arial&quot;,&quot;sans-serif&quot;\">\u00bfCon qui\u00e9n compartimos sus\nDatos Personales?<o:p><\/o:p><\/span><\/p>\n\n<p style=\"text-align:justify\"><span style=\"font-size:12.0pt;\nline-height:107%;font-family:&quot;Arial&quot;,&quot;sans-serif&quot;\">Podemos transferir sus Datos\nPersonales a terceros nacionales o extranjeros, a empresas subsidiarias y\nafiliadas; proveedores de servicios para actividades de promoci\u00f3n y\ncomercializaci\u00f3n de nuestros productos y servicios; o por requerimiento de una\nautoridad. Se entiende que ha otorgado su consentimiento a la transferencia de\nsus Datos Personales, si no manifiesta oposici\u00f3n a que los mismos sean\ntransferidos.<o:p><\/o:p><\/span><\/p>\n\n<p style=\"text-align:justify\"><span style=\"font-size:12.0pt;\nline-height:107%;font-family:&quot;Arial&quot;,&quot;sans-serif&quot;\">Los Datos Personales que\nusted proporciona, pueden compilarse y fijarse en una base de datos propiedad\nexclusiva de&nbsp;Hensa Distribuciones S.A. de C.V. la cual no es responsable\nrespecto al contenido y pol\u00edticas de privacidad de empresas terceras.<o:p><\/o:p><\/span><\/p>\n\n<p style=\"text-align:justify\"><span style=\"font-size:12.0pt;\nline-height:107%;font-family:&quot;Arial&quot;,&quot;sans-serif&quot;\">&nbsp;<o:p><\/o:p><\/span><\/p>\n\n<p style=\"text-align:justify\"><span style=\"font-size:12.0pt;\nline-height:107%;font-family:&quot;Arial&quot;,&quot;sans-serif&quot;\">\u00bfC\u00f3mo puede acceder,\nrectificar o cancelar sus datos personales, u oponerse a su uso?<o:p><\/o:p><\/span><\/p>\n\n<p style=\"text-align:justify\"><span style=\"font-size:12.0pt;\nline-height:107%;font-family:&quot;Arial&quot;,&quot;sans-serif&quot;\">Usted tiene derecho a\nconocer qu\u00e9 datos personales tenemos de usted, para qu\u00e9 los utilizamos y las\ncondiciones del uso que les damos (Acceso). Asimismo, es su derecho solicitar\nla correcci\u00f3n de su informaci\u00f3n personal en caso de que est\u00e9 desactualizada,\nsea inexacta o incompleta (Rectificaci\u00f3n); que la eliminemos de nuestros\nregistros o bases de datos cuando considere que la misma no est\u00e1 siendo\nutilizada adecuadamente (Cancelaci\u00f3n); as\u00ed como oponerse al uso de sus datos\npersonales para fines espec\u00edficos (Oposici\u00f3n). Estos derechos se conocen como\nderechos ARCO. Para el ejercicio de cualquiera de los derechos ARCO, usted\ndeber\u00e1 presentar la solicitud respectiva a trav\u00e9s del siguiente medio:<o:p><\/o:p><\/span><\/p>\n\n<p style=\"text-align:justify\"><span style=\"font-size:12.0pt;\nline-height:107%;font-family:&quot;Arial&quot;,&quot;sans-serif&quot;\">Llamando al n\u00famero\ntelef\u00f3nico&nbsp;+527222721180<o:p><\/o:p><\/span><\/p>\n\n<p style=\"text-align:justify\"><span style=\"font-size:12.0pt;\nline-height:107%;font-family:&quot;Arial&quot;,&quot;sans-serif&quot;\">O enviando un correo\nelectr\u00f3nico a la cuenta&nbsp;atencionaclientes@ktm50q.com<o:p><\/o:p><\/span><\/p>\n\n<p style=\"text-align:justify\"><span style=\"font-size:12.0pt;\nline-height:107%;font-family:&quot;Arial&quot;,&quot;sans-serif&quot;\">Para conocer el\nprocedimiento y requisitos para el ejercicio de los derechos ARCO, ponemos a su\ndisposici\u00f3n el siguiente medio: En el n\u00famero telef\u00f3nico de la oficina.<o:p><\/o:p><\/span><\/p>\n\n<p style=\"text-align:justify\"><span style=\"font-size:12.0pt;\nline-height:107%;font-family:&quot;Arial&quot;,&quot;sans-serif&quot;\">Los datos de contacto de la\npersona o departamento de datos personales, que est\u00e1 a cargo de dar tr\u00e1mite a\nlas solicitudes de derechos ARCO, son los siguientes:<o:p><\/o:p><\/span><\/p>\n\n<p style=\"text-align:justify\"><span style=\"font-size:12.0pt;\nline-height:107%;font-family:&quot;Arial&quot;,&quot;sans-serif&quot;\">a) Atenci\u00f3n a:&nbsp;de&nbsp;Hensa\nDistribuciones S.A. de C.V.<o:p><\/o:p><\/span><\/p>\n\n<p style=\"text-align:justify\"><span style=\"font-size:12.0pt;\nline-height:107%;font-family:&quot;Arial&quot;,&quot;sans-serif&quot;\">b) Domicilio:&nbsp;Francisco\nGodwaldt No. 100 Zona Industrial Toluca Estado de M\u00e9xico C.P. 50070<o:p><\/o:p><\/span><\/p>\n\n<p style=\"text-align:justify\"><span style=\"font-size:12.0pt;\nline-height:107%;font-family:&quot;Arial&quot;,&quot;sans-serif&quot;\">c) Correo electr\u00f3nico:&nbsp;atencionaclientes@ktm50q.com<o:p><\/o:p><\/span><\/p>\n\n<p style=\"text-align:justify\"><span style=\"font-size:12.0pt;\nline-height:107%;font-family:&quot;Arial&quot;,&quot;sans-serif&quot;\">d) N\u00famero telef\u00f3nico:&nbsp;+527222721180<o:p><\/o:p><\/span><\/p>\n\n<p style=\"text-align:justify\"><span style=\"font-size:12.0pt;\nline-height:107%;font-family:&quot;Arial&quot;,&quot;sans-serif&quot;\">&nbsp;<o:p><\/o:p><\/span><\/p>\n\n<p style=\"text-align:justify\"><span style=\"font-size:12.0pt;\nline-height:107%;font-family:&quot;Arial&quot;,&quot;sans-serif&quot;\">Usted puede revocar su\nconsentimiento para el uso de sus datos personales<o:p><\/o:p><\/span><\/p>\n\n<p style=\"text-align:justify\"><span style=\"font-size:12.0pt;\nline-height:107%;font-family:&quot;Arial&quot;,&quot;sans-serif&quot;\">Usted puede revocar el\nconsentimiento que, en su caso, nos haya otorgado para el tratamiento de sus\ndatos personales. Sin embargo, es importante que tenga en cuenta que no en\ntodos los casos podremos atender su solicitud o concluir el uso de forma\ninmediata, ya que es posible que por alguna obligaci\u00f3n legal requiramos seguir\ntratando sus datos personales. Asimismo, usted deber\u00e1 considerar que para\nciertos fines, la revocaci\u00f3n de su consentimiento implicar\u00e1 que no le podamos\nseguir prestando el servicio que nos solicit\u00f3, o la conclusi\u00f3n de su relaci\u00f3n\ncon nosotros.<o:p><\/o:p><\/span><\/p>\n\n<p style=\"text-align:justify\"><span style=\"font-size:12.0pt;\nline-height:107%;font-family:&quot;Arial&quot;,&quot;sans-serif&quot;\">&nbsp;<o:p><\/o:p><\/span><\/p>\n\n<p style=\"text-align:justify\"><span style=\"font-size:12.0pt;\nline-height:107%;font-family:&quot;Arial&quot;,&quot;sans-serif&quot;\">Para revocar su\nconsentimiento deber\u00e1 presentar su solicitud a trav\u00e9s del siguiente medio:<o:p><\/o:p><\/span><\/p>\n\n<p style=\"text-align:justify\"><span style=\"font-size:12.0pt;\nline-height:107%;font-family:&quot;Arial&quot;,&quot;sans-serif&quot;\">Tel\u00e9fono&nbsp;+527222721180 y\ncorreo electr\u00f3nico&nbsp;atencionaclientes@ktm50q.com<o:p><\/o:p><\/span><\/p>\n\n<p style=\"text-align:justify\"><span style=\"font-size:12.0pt;\nline-height:107%;font-family:&quot;Arial&quot;,&quot;sans-serif&quot;\">&nbsp;<o:p><\/o:p><\/span><\/p>\n\n<p style=\"text-align:justify\"><span style=\"font-size:12.0pt;\nline-height:107%;font-family:&quot;Arial&quot;,&quot;sans-serif&quot;\">\u00bfC\u00f3mo puede conocer los\ncambios en este aviso de privacidad?<o:p><\/o:p><\/span><\/p>\n\n<p style=\"text-align:justify\"><span style=\"font-size:12.0pt;\nline-height:107%;font-family:&quot;Arial&quot;,&quot;sans-serif&quot;\">El presente aviso de\nprivacidad puede sufrir modificaciones, cambios o actualizaciones derivadas de\nnuevos requerimientos legales; de nuestras propias necesidades por los\nproductos o servicios que ofrecemos; de nuestras pr\u00e1cticas de privacidad; de\ncambios en nuestro modelo de negocio, o por otras causas. Nos comprometemos a\nmantenerlo informado sobre los cambios que pueda sufrir el presente aviso de\nprivacidad, a trav\u00e9s de: la publicaci\u00f3n en nuestra p\u00e1gina de internet:&nbsp;www.hensagolf.com<o:p><\/o:p><\/span><\/p>\n\n<p style=\"text-align:justify\"><span style=\"font-size:12.0pt;\nline-height:107%;font-family:&quot;Arial&quot;,&quot;sans-serif&quot;\">&nbsp;<o:p><\/o:p><\/span><\/p>\n\n<p style=\"text-align:justify\"><span style=\"font-size:12.0pt;\nline-height:107%;font-family:&quot;Arial&quot;,&quot;sans-serif&quot;\">\u00daltima actualizaci\u00f3n: Febrero\n27 2023<o:p><\/o:p><\/span><\/p>\n<p><!-- \/wp:paragraph --><\/p>\t\t\t\t\t\t<\/div>\n\t\t\t\t<\/div>\n\t\t\t\t\t<\/div>\n\t\t<\/div>\n\t\t\t\t\t\t\t<\/div>\n\t\t<\/section>\n\t\t\t\t\t\t\t<\/div>\n\t\t","protected":false},"excerpt":{"rendered":"<p>.AVISO DE PRIVACIDAD Hensa Distribuciones S.A. de C.V. &nbsp;con domicilio en&nbsp;Francisco Godwaldt No. 100 Zona Industrial Toluca C.P. 50070 y en el portal de internet bajo el dominio http:\/\/www.grupohensa.com.mx es el responsable del uso y protecci\u00f3n de sus datos personales, y al respecto le informamos lo siguiente: \u00bfQu\u00e9 informaci\u00f3n recabamos? Los Datos Personales que usted &hellip;<\/p>\n<p class=\"read-more\"> <a class=\"\" href=\"https:\/\/grupohensa.com.mx\/index.php\/politica-privacidad\/\"> <span class=\"screen-reader-text\">Pol\u00edtica de privacidad<\/span> Leer m\u00e1s &raquo;<\/a><\/p>\n","protected":false},"author":1,"featured_media":0,"parent":0,"menu_order":0,"comment_status":"closed","ping_status":"closed","template":"","meta":{"site-sidebar-layout":"default","site-content-layout":"default","ast-global-header-display":"","ast-main-header-display":"","ast-hfb-above-header-display":"","ast-hfb-below-header-display":"","ast-hfb-mobile-header-display":"","site-post-title":"","ast-breadcrumbs-content":"","ast-featured-img":"","footer-sml-layout":"","theme-transparent-header-meta":"","adv-header-id-meta":"","stick-header-meta":"","header-above-stick-meta":"","header-main-stick-meta":"","header-below-stick-meta":""},"_links":{"self":[{"href":"https:\/\/grupohensa.com.mx\/index.php\/wp-json\/wp\/v2\/pages\/3"}],"collection":[{"href":"https:\/\/grupohensa.com.mx\/index.php\/wp-json\/wp\/v2\/pages"}],"about":[{"href":"https:\/\/grupohensa.com.mx\/index.php\/wp-json\/wp\/v2\/types\/page"}],"author":[{"embeddable":true,"href":"https:\/\/grupohensa.com.mx\/index.php\/wp-json\/wp\/v2\/users\/1"}],"replies":[{"embeddable":true,"href":"https:\/\/grupohensa.com.mx\/index.php\/wp-json\/wp\/v2\/comments?post=3"}],"version-history":[{"count":4,"href":"https:\/\/grupohensa.com.mx\/index.php\/wp-json\/wp\/v2\/pages\/3\/revisions"}],"predecessor-version":[{"id":5590,"href":"https:\/\/grupohensa.com.mx\/index.php\/wp-json\/wp\/v2\/pages\/3\/revisions\/5590"}],"wp:attachment":[{"href":"https:\/\/grupohensa.com.mx\/index.php\/wp-json\/wp\/v2\/media?parent=3"}],"curies":[{"name":"wp","href":"https:\/\/api.w.org\/{rel}","templated":true}]}}